{"id":305,"date":"2026-04-12T16:56:17","date_gmt":"2026-04-12T15:56:17","guid":{"rendered":"https:\/\/lightgray-elk-272907.hostingersite.com\/?page_id=305"},"modified":"2026-05-07T16:22:01","modified_gmt":"2026-05-07T15:22:01","slug":"essen-lieferservice","status":"publish","type":"page","link":"https:\/\/royal-indigo-nohfelden.de\/index.php\/essen-lieferservice\/","title":{"rendered":"Essen Lieferservice"},"content":{"rendered":"\t\t<div data-elementor-type=\"wp-page\" data-elementor-id=\"305\" class=\"elementor elementor-305\">\n\t\t\t\t\t\t<section class=\"elementor-section elementor-top-section elementor-element elementor-element-10078986 elementor-section-boxed elementor-section-height-default elementor-section-height-default\" data-id=\"10078986\" data-element_type=\"section\" data-e-type=\"section\" data-settings=\"{&quot;background_background&quot;:&quot;classic&quot;}\">\n\t\t\t\t\t\t\t<div class=\"elementor-background-overlay\"><\/div>\n\t\t\t\t\t\t\t<div class=\"elementor-container elementor-column-gap-default\">\n\t\t\t\t\t<div class=\"elementor-column elementor-col-100 elementor-top-column elementor-element elementor-element-28b856f0\" data-id=\"28b856f0\" data-element_type=\"column\" data-e-type=\"column\">\n\t\t\t<div class=\"elementor-widget-wrap elementor-element-populated\">\n\t\t\t\t\t\t<div class=\"elementor-element elementor-element-2a2d0d2f elementor-widget elementor-widget-heading\" data-id=\"2a2d0d2f\" data-element_type=\"widget\" data-e-type=\"widget\" data-widget_type=\"heading.default\">\n\t\t\t\t\t<h1 class=\"elementor-heading-title elementor-size-default\">Essen Lieferservice<\/h1>\t\t\t\t<\/div>\n\t\t\t\t<section class=\"elementor-section elementor-inner-section elementor-element elementor-element-4a465fb elementor-section-content-middle elementor-section-boxed elementor-section-height-default elementor-section-height-default\" data-id=\"4a465fb\" data-element_type=\"section\" data-e-type=\"section\">\n\t\t\t\t\t\t<div class=\"elementor-container elementor-column-gap-narrow\">\n\t\t\t\t\t<div class=\"elementor-column elementor-col-33 elementor-inner-column elementor-element elementor-element-d28ba5f\" data-id=\"d28ba5f\" data-element_type=\"column\" data-e-type=\"column\">\n\t\t\t<div class=\"elementor-widget-wrap elementor-element-populated\">\n\t\t\t\t\t\t<div class=\"elementor-element elementor-element-6293ac4 elementor-widget elementor-widget-image\" data-id=\"6293ac4\" data-element_type=\"widget\" data-e-type=\"widget\" data-widget_type=\"image.default\">\n\t\t\t\t\t\t\t\t\t\t\t\t\t\t\t<img decoding=\"async\" width=\"4\" height=\"4\" src=\"https:\/\/royal-indigo-nohfelden.de\/wp-content\/uploads\/2026\/04\/Ellipse-3.png\" class=\"attachment-large size-large wp-image-116\" alt=\"\" \/>\t\t\t\t\t\t\t\t\t\t\t\t\t\t\t<\/div>\n\t\t\t\t\t<\/div>\n\t\t<\/div>\n\t\t\t\t<div class=\"elementor-column elementor-col-66 elementor-inner-column elementor-element elementor-element-2d72cb4\" data-id=\"2d72cb4\" data-element_type=\"column\" data-e-type=\"column\">\n\t\t\t<div class=\"elementor-widget-wrap elementor-element-populated\">\n\t\t\t\t\t\t\t\t\t<h4 \n\t\tdata-interaction-id=\"4fc4654\" \n\t\tclass=\"e-heading-base\" \n\t\t \n\t\t\n\t>\n\t\n\t\t\tWir bieten Abholung und Lieferung an\n\t\t<\/h4>\n\t\t\t\t\t<\/div>\n\t\t<\/div>\n\t\t\t\t\t<\/div>\n\t\t<\/section>\n\t\t\t\t<section class=\"elementor-section elementor-inner-section elementor-element elementor-element-3352511 elementor-section-boxed elementor-section-height-default elementor-section-height-default\" data-id=\"3352511\" data-element_type=\"section\" data-e-type=\"section\">\n\t\t\t\t\t\t<div class=\"elementor-container elementor-column-gap-default\">\n\t\t\t\t\t<div class=\"elementor-column elementor-col-33 elementor-inner-column elementor-element elementor-element-1e6ccd8\" data-id=\"1e6ccd8\" data-element_type=\"column\" data-e-type=\"column\">\n\t\t\t<div class=\"elementor-widget-wrap elementor-element-populated\">\n\t\t\t\t\t\t<div class=\"elementor-element elementor-element-9ab48f4 elementor-align-right elementor-widget elementor-widget-button\" data-id=\"9ab48f4\" data-element_type=\"widget\" data-e-type=\"widget\" data-widget_type=\"button.default\">\n\t\t\t\t\t\t\t\t\t\t<a class=\"elementor-button elementor-button-link elementor-size-sm\" href=\"#\">\n\t\t\t\t\t\t<span class=\"elementor-button-content-wrapper\">\n\t\t\t\t\t\t\t\t\t<span class=\"elementor-button-text\">Tischreservierung<\/span>\n\t\t\t\t\t<\/span>\n\t\t\t\t\t<\/a>\n\t\t\t\t\t\t\t\t<\/div>\n\t\t\t\t\t<\/div>\n\t\t<\/div>\n\t\t\t\t<div class=\"elementor-column elementor-col-33 elementor-inner-column elementor-element elementor-element-0ffdb51\" data-id=\"0ffdb51\" data-element_type=\"column\" data-e-type=\"column\">\n\t\t\t<div class=\"elementor-widget-wrap elementor-element-populated\">\n\t\t\t\t\t\t<div class=\"elementor-element elementor-element-75bd9a2 elementor-widget elementor-widget-image\" data-id=\"75bd9a2\" data-element_type=\"widget\" data-e-type=\"widget\" data-widget_type=\"image.default\">\n\t\t\t\t\t\t\t\t\t\t\t\t\t\t\t<img decoding=\"async\" width=\"4\" height=\"4\" src=\"https:\/\/royal-indigo-nohfelden.de\/wp-content\/uploads\/2026\/04\/Ellipse-3.png\" class=\"attachment-large size-large wp-image-116\" alt=\"\" \/>\t\t\t\t\t\t\t\t\t\t\t\t\t\t\t<\/div>\n\t\t\t\t\t<\/div>\n\t\t<\/div>\n\t\t\t\t<div class=\"elementor-column elementor-col-33 elementor-inner-column elementor-element elementor-element-a4dda38\" data-id=\"a4dda38\" data-element_type=\"column\" data-e-type=\"column\">\n\t\t\t<div class=\"elementor-widget-wrap elementor-element-populated\">\n\t\t\t\t\t\t<div class=\"elementor-element elementor-element-85a7a08 elementor-widget elementor-widget-button\" data-id=\"85a7a08\" data-element_type=\"widget\" data-e-type=\"widget\" data-widget_type=\"button.default\">\n\t\t\t\t\t\t\t\t\t\t<a class=\"elementor-button elementor-button-link elementor-size-sm\" href=\"#\">\n\t\t\t\t\t\t<span class=\"elementor-button-content-wrapper\">\n\t\t\t\t\t\t\t\t\t<span class=\"elementor-button-text\">men\u00fc &amp; bestellen<\/span>\n\t\t\t\t\t<\/span>\n\t\t\t\t\t<\/a>\n\t\t\t\t\t\t\t\t<\/div>\n\t\t\t\t\t<\/div>\n\t\t<\/div>\n\t\t\t\t\t<\/div>\n\t\t<\/section>\n\t\t\t\t\t<\/div>\n\t\t<\/div>\n\t\t\t\t\t<\/div>\n\t\t<\/section>\n\t\t\t\t<section class=\"elementor-section elementor-top-section elementor-element elementor-element-3536541b elementor-section-boxed elementor-section-height-default elementor-section-height-default elementor-invisible\" data-id=\"3536541b\" data-element_type=\"section\" data-e-type=\"section\" data-settings=\"{&quot;background_background&quot;:&quot;classic&quot;,&quot;animation&quot;:&quot;fadeIn&quot;,&quot;animation_delay&quot;:500}\">\n\t\t\t\t\t\t<div class=\"elementor-container elementor-column-gap-default\">\n\t\t\t\t\t<div class=\"elementor-column elementor-col-33 elementor-top-column elementor-element elementor-element-47a22dfc\" data-id=\"47a22dfc\" data-element_type=\"column\" data-e-type=\"column\">\n\t\t\t<div class=\"elementor-widget-wrap elementor-element-populated\">\n\t\t\t\t\t\t<div class=\"elementor-element elementor-element-217c3e0 elementor-widget elementor-widget-text-editor\" data-id=\"217c3e0\" data-element_type=\"widget\" data-e-type=\"widget\" data-widget_type=\"text-editor.default\">\n\t\t\t\t\t\t\t\t\texperience\t\t\t\t\t\t\t\t<\/div>\n\t\t\t\t<div class=\"elementor-element elementor-element-7f5b377f elementor-widget elementor-widget-heading\" data-id=\"7f5b377f\" data-element_type=\"widget\" data-e-type=\"widget\" data-widget_type=\"heading.default\">\n\t\t\t\t\t<h2 class=\"elementor-heading-title elementor-size-default\">Essen zum mitnehmen und zum Liefern<\/h2>\t\t\t\t<\/div>\n\t\t\t\t<div class=\"elementor-element elementor-element-75a2bde6 elementor-widget elementor-widget-text-editor\" data-id=\"75a2bde6\" data-element_type=\"widget\" data-e-type=\"widget\" data-widget_type=\"text-editor.default\">\n\t\t\t\t\t\t\t\t\t<ul><li><div class=\"message\"><p>ie Legende besagt, dass sich jeder auf dem ersten Blick in unsere Speisekarte verliebt. Aber sehen Sie einfach selbst!<\/p><p>Schauen Sie mal, was es hier leckeres gibt: Schulstra\u00dfe 2, 66625 Neunkirchen\/Nahe<\/p><p>Wir k\u00f6nnen Ihnen das Essen auch nach Hause bringen (innerhalb unseres Liefergebiets).<\/p><\/div><\/li><\/ul>\t\t\t\t\t\t\t\t<\/div>\n\t\t\t\t<div class=\"elementor-element elementor-element-5a6668d2 elementor-widget-mobile__width-initial elementor-widget elementor-widget-text-editor\" data-id=\"5a6668d2\" data-element_type=\"widget\" data-e-type=\"widget\" data-widget_type=\"text-editor.default\">\n\t\t\t\t\t\t\t\t\t<ul><li><h3>Liefergeb\u00fchr<\/h3><div class=\"entry\"><strong>Zone 1<\/strong>, Mind. &#8211; 15,00\u00a0\u20ac, Geb\u00fchr &#8211; 0,00\u00a0\u20ac<\/div><div class=\"entry\"><strong>Zone 2<\/strong>, Mind. &#8211; 20,00\u00a0\u20ac, Geb\u00fchr &#8211; 0,00\u00a0\u20ac<\/div><div class=\"entry\"><strong>Zone 3<\/strong>, Mind. &#8211; 40,00\u00a0\u20ac, Geb\u00fchr &#8211; 0,00\u00a0\u20ac<\/div><div class=\"entry\"><strong>Zone 4<\/strong>, Mind. &#8211; 40,00\u00a0\u20ac, Geb\u00fchr &#8211; 3,00\u00a0\u20ac<\/div><\/li><\/ul>\t\t\t\t\t\t\t\t<\/div>\n\t\t\t\t\t<\/div>\n\t\t<\/div>\n\t\t\t\t<div class=\"elementor-column elementor-col-33 elementor-top-column elementor-element elementor-element-7317d305\" data-id=\"7317d305\" data-element_type=\"column\" data-e-type=\"column\">\n\t\t\t<div class=\"elementor-widget-wrap elementor-element-populated\">\n\t\t\t\t\t\t<div class=\"elementor-element elementor-element-610389a9 elementor-widget elementor-widget-image\" data-id=\"610389a9\" data-element_type=\"widget\" data-e-type=\"widget\" data-widget_type=\"image.default\">\n\t\t\t\t\t\t\t\t\t\t\t\t\t\t\t<img fetchpriority=\"high\" decoding=\"async\" width=\"629\" height=\"524\" src=\"https:\/\/royal-indigo-nohfelden.de\/wp-content\/uploads\/2026\/04\/WhatsApp-Image-2026-04-03-at-15.54.07-2.jpeg\" class=\"attachment-large size-large wp-image-208\" alt=\"\" srcset=\"https:\/\/royal-indigo-nohfelden.de\/wp-content\/uploads\/2026\/04\/WhatsApp-Image-2026-04-03-at-15.54.07-2.jpeg 629w, https:\/\/royal-indigo-nohfelden.de\/wp-content\/uploads\/2026\/04\/WhatsApp-Image-2026-04-03-at-15.54.07-2-300x250.jpeg 300w\" sizes=\"(max-width: 629px) 100vw, 629px\" \/>\t\t\t\t\t\t\t\t\t\t\t\t\t\t\t<\/div>\n\t\t\t\t\t<\/div>\n\t\t<\/div>\n\t\t\t\t<div class=\"elementor-column elementor-col-33 elementor-top-column elementor-element elementor-element-3dcf4437\" data-id=\"3dcf4437\" data-element_type=\"column\" data-e-type=\"column\">\n\t\t\t<div class=\"elementor-widget-wrap elementor-element-populated\">\n\t\t\t\t\t\t<div class=\"elementor-element elementor-element-67909f12 elementor-widget elementor-widget-heading\" data-id=\"67909f12\" data-element_type=\"widget\" data-e-type=\"widget\" data-widget_type=\"heading.default\">\n\t\t\t\t\t<h3 class=\"elementor-heading-title elementor-size-default\">\u00d6ffnungszeiten<\/h3>\t\t\t\t<\/div>\n\t\t\t\t<section class=\"elementor-section elementor-inner-section elementor-element elementor-element-435bb920 elementor-section-boxed elementor-section-height-default elementor-section-height-default\" data-id=\"435bb920\" data-element_type=\"section\" data-e-type=\"section\">\n\t\t\t\t\t\t<div class=\"elementor-container elementor-column-gap-default\">\n\t\t\t\t\t<div class=\"elementor-column elementor-col-50 elementor-inner-column elementor-element elementor-element-2175b278\" data-id=\"2175b278\" data-element_type=\"column\" data-e-type=\"column\">\n\t\t\t<div class=\"elementor-widget-wrap elementor-element-populated\">\n\t\t\t\t\t\t<div class=\"elementor-element elementor-element-34bdaa8a elementor-widget elementor-widget-text-editor\" data-id=\"34bdaa8a\" data-element_type=\"widget\" data-e-type=\"widget\" data-widget_type=\"text-editor.default\">\n\t\t\t\t\t\t\t\t\t<p>Dienstag\u00a0&#8211;\u00a0Samstag<\/p>\t\t\t\t\t\t\t\t<\/div>\n\t\t\t\t\t<\/div>\n\t\t<\/div>\n\t\t\t\t<div class=\"elementor-column elementor-col-50 elementor-inner-column elementor-element elementor-element-3a9b45b2\" data-id=\"3a9b45b2\" data-element_type=\"column\" data-e-type=\"column\">\n\t\t\t<div class=\"elementor-widget-wrap elementor-element-populated\">\n\t\t\t\t\t\t<div class=\"elementor-element elementor-element-7063f5a elementor-widget elementor-widget-text-editor\" data-id=\"7063f5a\" data-element_type=\"widget\" data-e-type=\"widget\" data-widget_type=\"text-editor.default\">\n\t\t\t\t\t\t\t\t\t<div class=\"entry\"><div>11:00\u00a0&#8211;\u00a014:30<\/div><\/div><div class=\"entry\"><div>\u00a0<\/div><div>17:00\u00a0&#8211;\u00a022:00<\/div><\/div>\t\t\t\t\t\t\t\t<\/div>\n\t\t\t\t\t<\/div>\n\t\t<\/div>\n\t\t\t\t\t<\/div>\n\t\t<\/section>\n\t\t\t\t<section class=\"elementor-section elementor-inner-section elementor-element elementor-element-c0c5bc4 elementor-section-boxed elementor-section-height-default elementor-section-height-default\" data-id=\"c0c5bc4\" data-element_type=\"section\" data-e-type=\"section\">\n\t\t\t\t\t\t<div class=\"elementor-container elementor-column-gap-default\">\n\t\t\t\t\t<div class=\"elementor-column elementor-col-50 elementor-inner-column elementor-element elementor-element-3939c86b\" data-id=\"3939c86b\" data-element_type=\"column\" data-e-type=\"column\">\n\t\t\t<div class=\"elementor-widget-wrap elementor-element-populated\">\n\t\t\t\t\t\t<div class=\"elementor-element elementor-element-5d7d4df5 elementor-widget-tablet_extra__width-initial elementor-widget elementor-widget-text-editor\" data-id=\"5d7d4df5\" data-element_type=\"widget\" data-e-type=\"widget\" data-widget_type=\"text-editor.default\">\n\t\t\t\t\t\t\t\t\t<p>Sonntag<\/p>\t\t\t\t\t\t\t\t<\/div>\n\t\t\t\t\t<\/div>\n\t\t<\/div>\n\t\t\t\t<div class=\"elementor-column elementor-col-50 elementor-inner-column elementor-element elementor-element-7bbe29e9\" data-id=\"7bbe29e9\" data-element_type=\"column\" data-e-type=\"column\">\n\t\t\t<div class=\"elementor-widget-wrap elementor-element-populated\">\n\t\t\t\t\t\t<div class=\"elementor-element elementor-element-40ffb0d4 elementor-widget elementor-widget-text-editor\" data-id=\"40ffb0d4\" data-element_type=\"widget\" data-e-type=\"widget\" data-widget_type=\"text-editor.default\">\n\t\t\t\t\t\t\t\t\t<p>12:00\u00a0&#8211;\u00a021:00<\/p>\t\t\t\t\t\t\t\t<\/div>\n\t\t\t\t\t<\/div>\n\t\t<\/div>\n\t\t\t\t\t<\/div>\n\t\t<\/section>\n\t\t\t\t<section class=\"elementor-section elementor-inner-section elementor-element elementor-element-36542234 elementor-section-boxed elementor-section-height-default elementor-section-height-default\" data-id=\"36542234\" data-element_type=\"section\" data-e-type=\"section\">\n\t\t\t\t\t\t<div class=\"elementor-container elementor-column-gap-default\">\n\t\t\t\t\t<div class=\"elementor-column elementor-col-50 elementor-inner-column elementor-element elementor-element-3d55d810\" data-id=\"3d55d810\" data-element_type=\"column\" data-e-type=\"column\">\n\t\t\t<div class=\"elementor-widget-wrap elementor-element-populated\">\n\t\t\t\t\t\t<div class=\"elementor-element elementor-element-6f6bb691 elementor-widget elementor-widget-text-editor\" data-id=\"6f6bb691\" data-element_type=\"widget\" data-e-type=\"widget\" data-widget_type=\"text-editor.default\">\n\t\t\t\t\t\t\t\t\t<p>Feiertag<\/p>\t\t\t\t\t\t\t\t<\/div>\n\t\t\t\t\t<\/div>\n\t\t<\/div>\n\t\t\t\t<div class=\"elementor-column elementor-col-50 elementor-inner-column elementor-element elementor-element-6f18d6f0\" data-id=\"6f18d6f0\" data-element_type=\"column\" data-e-type=\"column\">\n\t\t\t<div class=\"elementor-widget-wrap elementor-element-populated\">\n\t\t\t\t\t\t<div class=\"elementor-element elementor-element-394ec4fb elementor-widget elementor-widget-text-editor\" data-id=\"394ec4fb\" data-element_type=\"widget\" data-e-type=\"widget\" data-widget_type=\"text-editor.default\">\n\t\t\t\t\t\t\t\t\t<p>12:00\u00a0&#8211;\u00a021:00<\/p>\t\t\t\t\t\t\t\t<\/div>\n\t\t\t\t\t<\/div>\n\t\t<\/div>\n\t\t\t\t\t<\/div>\n\t\t<\/section>\n\t\t\t\t<div class=\"elementor-element elementor-element-3174d3ba elementor-widget elementor-widget-heading\" data-id=\"3174d3ba\" data-element_type=\"widget\" data-e-type=\"widget\" data-widget_type=\"heading.default\">\n\t\t\t\t\t<h3 class=\"elementor-heading-title elementor-size-default\">Kontakt<\/h3>\t\t\t\t<\/div>\n\t\t\t\t<div class=\"elementor-element elementor-element-2c39143e elementor-icon-list--layout-traditional elementor-list-item-link-full_width elementor-widget elementor-widget-icon-list\" data-id=\"2c39143e\" data-element_type=\"widget\" data-e-type=\"widget\" data-widget_type=\"icon-list.default\">\n\t\t\t\t\t\t\t<ul class=\"elementor-icon-list-items\">\n\t\t\t\t\t\t\t<li class=\"elementor-icon-list-item\">\n\t\t\t\t\t\t\t\t\t\t\t<span class=\"elementor-icon-list-icon\">\n\t\t\t\t\t\t\t<svg aria-hidden=\"true\" class=\"e-font-icon-svg e-fas-check\" viewBox=\"0 0 512 512\" xmlns=\"http:\/\/www.w3.org\/2000\/svg\"><path d=\"M173.898 439.404l-166.4-166.4c-9.997-9.997-9.997-26.206 0-36.204l36.203-36.204c9.997-9.998 26.207-9.998 36.204 0L192 312.69 432.095 72.596c9.997-9.997 26.207-9.997 36.204 0l36.203 36.204c9.997 9.997 9.997 26.206 0 36.204l-294.4 294.401c-9.998 9.997-26.207 9.997-36.204-.001z\"><\/path><\/svg>\t\t\t\t\t\t<\/span>\n\t\t\t\t\t\t\t\t\t\t<span class=\"elementor-icon-list-text\">Schulstra\u00dfe 2, 66625 Neunkirchen\/Nahe, Germany<\/span>\n\t\t\t\t\t\t\t\t\t<\/li>\n\t\t\t\t\t\t<\/ul>\n\t\t\t\t\t\t<\/div>\n\t\t\t\t<div class=\"elementor-element elementor-element-552ab156 elementor-icon-list--layout-traditional elementor-list-item-link-full_width elementor-widget elementor-widget-icon-list\" data-id=\"552ab156\" data-element_type=\"widget\" data-e-type=\"widget\" data-widget_type=\"icon-list.default\">\n\t\t\t\t\t\t\t<ul class=\"elementor-icon-list-items\">\n\t\t\t\t\t\t\t<li class=\"elementor-icon-list-item\">\n\t\t\t\t\t\t\t\t\t\t\t<span class=\"elementor-icon-list-icon\">\n\t\t\t\t\t\t\t<svg class=\"ekit-svg-icon icon-phone-call\" viewBox=\"0 0 32 32\" xmlns=\"http:\/\/www.w3.org\/2000\/svg\"><path d=\"M25.719 32.4c-1.331 0-2.939-0.334-4.708-1.001-3.877-1.462-8.095-4.35-11.877-8.133-3.783-3.783-6.672-8.002-8.135-11.879-1.329-3.525-1.332-6.418-0.008-7.742 0.191-0.191 0.384-0.395 0.584-0.606 1.209-1.271 2.575-2.702 4.385-2.637 1.247 0.052 2.456 0.827 3.694 2.367 3.657 4.549 2.008 6.169 0.1 8.049l-0.337 0.334c-0.312 0.312-0.902 1.758 4.585 7.245 1.791 1.791 3.318 3.102 4.539 3.895 0.768 0.499 2.143 1.255 2.707 0.691l0.339-0.342c1.877-1.904 3.498-3.548 8.043 0.107 1.54 1.238 2.314 2.445 2.366 3.695 0.074 1.809-1.367 3.178-2.639 4.386-0.21 0.2-0.414 0.394-0.605 0.583-0.658 0.659-1.709 0.989-3.034 0.989zM5.832 1.476c-1.286 0-2.448 1.223-3.475 2.304-0.207 0.217-0.407 0.428-0.604 0.625-0.987 0.986-0.887 3.577 0.254 6.602 1.41 3.737 4.212 7.821 7.889 11.498 3.677 3.676 7.758 6.477 11.496 7.886 3.026 1.143 5.616 1.24 6.601 0.255 0.197-0.197 0.408-0.397 0.625-0.603 1.105-1.050 2.359-2.241 2.304-3.562-0.038-0.907-0.699-1.884-1.964-2.901-3.788-3.046-4.847-1.971-6.603-0.189l-0.344 0.348c-0.84 0.841-2.203 0.654-4.055-0.549-1.284-0.835-2.871-2.194-4.713-4.037-4.554-4.553-6.010-7.339-4.585-8.768l0.343-0.339c1.786-1.757 2.863-2.817-0.184-6.606-1.019-1.265-1.994-1.926-2.902-1.964-0.028-0.001-0.056-0.001-0.084-0.001z\"><\/path><\/svg>\t\t\t\t\t\t<\/span>\n\t\t\t\t\t\t\t\t\t\t<span class=\"elementor-icon-list-text\">+49 6852 9912592<\/span>\n\t\t\t\t\t\t\t\t\t<\/li>\n\t\t\t\t\t\t<\/ul>\n\t\t\t\t\t\t<\/div>\n\t\t\t\t\t<\/div>\n\t\t<\/div>\n\t\t\t\t\t<\/div>\n\t\t<\/section>\n\t\t\t\t<section class=\"elementor-section elementor-top-section elementor-element elementor-element-1cb0a598 elementor-section-boxed elementor-section-height-default elementor-section-height-default\" data-id=\"1cb0a598\" data-element_type=\"section\" data-e-type=\"section\" data-settings=\"{&quot;background_background&quot;:&quot;classic&quot;}\">\n\t\t\t\t\t\t\t<div class=\"elementor-background-overlay\"><\/div>\n\t\t\t\t\t\t\t<div class=\"elementor-container elementor-column-gap-default\">\n\t\t\t\t\t<div class=\"elementor-column elementor-col-100 elementor-top-column elementor-element elementor-element-60740b2\" data-id=\"60740b2\" data-element_type=\"column\" data-e-type=\"column\">\n\t\t\t<div class=\"elementor-widget-wrap elementor-element-populated\">\n\t\t\t\t\t\t<div class=\"elementor-element elementor-element-61d57fbc elementor-widget elementor-widget-heading\" data-id=\"61d57fbc\" data-element_type=\"widget\" data-e-type=\"widget\" data-widget_type=\"heading.default\">\n\t\t\t\t\t<h2 class=\"elementor-heading-title elementor-size-default\">Essen zum mitnehmen und zum Liefern<\/h2>\t\t\t\t<\/div>\n\t\t\t\t<div class=\"elementor-element elementor-element-497cc674 elementor-widget elementor-widget-text-editor\" data-id=\"497cc674\" data-element_type=\"widget\" data-e-type=\"widget\" data-widget_type=\"text-editor.default\">\n\t\t\t\t\t\t\t\t\t<p>Wir befinden uns in Neunkirchen\/Nahe und wir freuen uns deine Online-Bestellung aufzunehmen.<\/p><p>Nimm dir kurz Zeit, unser interaktives Online-Men\u00fc zu lesen und bestell direkt, wenn du fertig bist. Wir brauchen nur ca. eine Minute, um deine Bestellung zu best\u00e4tigen. Die ungef\u00e4hre Lieferzeit geben wir dann auch gleich bekannt.<\/p>\t\t\t\t\t\t\t\t<\/div>\n\t\t\t\t\t<\/div>\n\t\t<\/div>\n\t\t\t\t\t<\/div>\n\t\t<\/section>\n\t\t\t\t<section class=\"elementor-section elementor-top-section elementor-element elementor-element-290af5d7 elementor-section-full_width elementor-section-height-default elementor-section-height-default\" data-id=\"290af5d7\" data-element_type=\"section\" data-e-type=\"section\">\n\t\t\t\t\t\t<div class=\"elementor-container elementor-column-gap-default\">\n\t\t\t\t\t<div class=\"elementor-column elementor-col-100 elementor-top-column elementor-element elementor-element-2cfbb9fc\" data-id=\"2cfbb9fc\" data-element_type=\"column\" data-e-type=\"column\">\n\t\t\t<div class=\"elementor-widget-wrap\">\n\t\t\t\t\t\t\t<\/div>\n\t\t<\/div>\n\t\t\t\t\t<\/div>\n\t\t<\/section>\n\t\t\t\t<\/div>\n\t\t","protected":false},"excerpt":{"rendered":"<p>Essen Lieferservice Wir bieten Abholung und Lieferung an Tischreservierung men\u00fc &amp; bestellen experience Essen zum mitnehmen und zum Liefern ie Legende besagt, dass sich jeder auf dem ersten Blick in unsere Speisekarte verliebt. Aber sehen Sie einfach selbst! Schauen Sie mal, was es hier leckeres gibt: Schulstra\u00dfe 2, 66625 Neunkirchen\/Nahe Wir k\u00f6nnen Ihnen das Essen [&hellip;]<\/p>\n","protected":false},"author":1,"featured_media":0,"parent":0,"menu_order":0,"comment_status":"closed","ping_status":"closed","template":"","meta":{"footnotes":""},"class_list":["post-305","page","type-page","status-publish","hentry"],"_links":{"self":[{"href":"https:\/\/royal-indigo-nohfelden.de\/index.php\/wp-json\/wp\/v2\/pages\/305","targetHints":{"allow":["GET"]}}],"collection":[{"href":"https:\/\/royal-indigo-nohfelden.de\/index.php\/wp-json\/wp\/v2\/pages"}],"about":[{"href":"https:\/\/royal-indigo-nohfelden.de\/index.php\/wp-json\/wp\/v2\/types\/page"}],"author":[{"embeddable":true,"href":"https:\/\/royal-indigo-nohfelden.de\/index.php\/wp-json\/wp\/v2\/users\/1"}],"replies":[{"embeddable":true,"href":"https:\/\/royal-indigo-nohfelden.de\/index.php\/wp-json\/wp\/v2\/comments?post=305"}],"version-history":[{"count":7,"href":"https:\/\/royal-indigo-nohfelden.de\/index.php\/wp-json\/wp\/v2\/pages\/305\/revisions"}],"predecessor-version":[{"id":773,"href":"https:\/\/royal-indigo-nohfelden.de\/index.php\/wp-json\/wp\/v2\/pages\/305\/revisions\/773"}],"wp:attachment":[{"href":"https:\/\/royal-indigo-nohfelden.de\/index.php\/wp-json\/wp\/v2\/media?parent=305"}],"curies":[{"name":"wp","href":"https:\/\/api.w.org\/{rel}","templated":true}]}}